 remainder when 1252 is divided by a/4 - (204/(-8) + -7)?
31
Suppose 3*u = 2*z + 1663, 493 + 54 = u + 3*z. Calculate the remainder when u is divided by 143.
124
Let d = -26 - -65. Suppose 0 = -6*z + 2*z + 3*r + d, 4*r = -z - 14. Suppose -y = -z*y + 265. What is the remainder when y is divided by 9?
8
Suppose -2*j + 4*p + 16 = 0, -2*j - 3*p + 5*p = -10. Suppose 0 = 3*v - j*v + 5*c - 175, -4*v + 634 = -2*c. What is the remainder when v is divided by 9?
7
Suppose -3*b = -b - 4. Let t(h) = 15*h**2 + 3*h - 5. Let v(m) = 3*m**2 + 4*m. Calculate the remainder when t(b) is divided by v(-4).
29
Suppose 2*s = 8*s - 390. Suppose 0 = -66*o + s*o + 21. Calculate the remainder when 2/(-8) - (-3250)/40 is divided by o.
18
Suppose -3*l - l + 80 = 0. Let j = -11523 + 11593. Calculate the remainder when j is divided by l.
10
Suppose -86*j + 65*j = -12642. Calculate the remainder when j is divided by 40.
2
Suppose 13 = z + 2. Let q(w) = 2*w + 18. Let o be q(-7). Suppose o*t - 7*t + 60 = 0. Calculate the remainder when t is divided by z.
9
Calculate the remainder when 1994 is divided by (-2)/(-21) - 9/((-2457)/179881).
17
Let i = 1460 - 1431. Calculate the remainder when 635 is divided by i.
26
Let b = 14633 + -14117. Calculate the remainder when b is divided by 158.
42
What is the remainder when 29973 is divided by ((-448)/6 - (0 + -2))/((-10)/15)?
107
Suppose 2*t + 2*d - 594 = 0, t + 3*d - 293 = -0*t. Let v(b) = 6*b**3 - 9*b**2 + 69*b - 112. Calculate the remainder when t is divided by v(2).
33
Suppose 5*g + 4*a = 5979, 4*g - 3*a = 2569 + 2177. Calculate the remainder when g is divided by 75.
66
Let o = -14 + 17. Suppose 2*l - l + 47 = 3*z, 0 = o*z + 4*l - 52. Let c = -241 + 287. Calculate the remainder when c is divided by z.
14
Let l = -24946 + 25949. What is the remainder when l is divided by 90?
13
Let b = -2010 + 2984. What is the remainder when 1957 is divided by b?
9
Suppose 84663 = 130*y + 8*y + 1311. Calculate the remainder when y is divided by 75.
4
Let o be 60/(6/28*-1). Let j = o - -329. What is the remainder when 194 is divided by j?
47
Let u(a) = 19*a**3 - 4*a**2 + 21*a - 3. Calculate the remainder when u(5) is divided by 34.
31
Let n be 2*9/(-4)*(-272)/(-24). Let w = n + 53. Suppose -2*y + 0*c - 5*c + 258 = 0, -5*c = -w*y + 218. What is the remainder when y is divided by 24?
23
Suppose 4*p + 2*i - 328 = 0, -157*p = -156*p + 3*i - 67. Calculate the remainder when 2716 is divided by p.
81
Suppose -w + h = -57, -4*w + h = -w - 167. Let f = 55027 + -54978. What is the remainder when w is divided by f?
6
Let x(c) = -11*c + 13. Let z be x(1). Suppose -z*l = -5*y + 223 + 22, y - 41 = 2*l. What is the remainder when y is divided by 14?
9
Let c(k) = 20*k**2 + 6*k - 13. What is the remainder when 3 - -21*(14 - 3) is divided by c(2)?
76
Suppose -1107 + 4266 = 81*n. Let l(u) = u**2 + 3*u - 8. Let a = -12 + 6. Calculate the remainder when n is divided by l(a).
9
Let d = -75 + 71. Let l(r) = 10 + r**3 + 2*r**2 + 3*r**2 + 4*r + 0*r**2. What is the remainder when 27 is divided by l(d)?
7
Suppose -62*m + 3230 = 182*m - 74*m. Let h be (2 - (0 - 0)) + 0. Calculate the remainder when -1*2/h - -73 is divided by m.
15
Let t(w) = 2*w**2 + 19*w - 167. Let o be t(-17). Suppose 3*r - 3*m = -2*r + 509, o = r + 4*m. Calculate the remainder when r is divided by 31.
7
Let m(z) = -825 + 4*z - 811 + 1591. Calculate the remainder when 75 is divided by m(21).
36
Let b(v) = -20*v. Let w(q) = -119*q. Let x(c) = -17*b(c) + 3*w(c). Let m = 38940 - 38891. Calculate the remainder when m is divided by x(-1).
15
Suppose 8*j - 17 = 4*j + 3*y, 2*j - 10 = 2*y. Suppose -j*p = 3*d + p - 39, -5*d = -4*p - 47. What is the remainder when 207 is divided by d?
9
Let j = 56535 - 56524. What is the remainder when -1 + 0 + -1 + 100 is divided by j?
10
Let q be 2/6 + 11/3. Suppose 97 = -q*w + 141. What is the remainder when w is divided by 5?
1
Let v(z) be the first derivative of -4*z**2 + 32*z - 47. Calculate the remainder when v(-27) is divided by 10.
8
Let a = 4277 - 4228. Calculate the remainder when 3282 is divided by a.
48
Let r be 1/5*8*5. Suppose 3*v + 535 = r*v. Let y = -84 + v. What is the remainder when y is divided by 7?
2
Suppose 0 = -6*r + 193 - 13. Suppose 4*n - r = 122. Calculate the remainder when n is divided by 12.
2
Suppose -3*j - 24 = -2*y, -639*j + 644*j - 85 = -5*y. What is the remainder when 233 is divided by y?
8
Let x(q) = 10*q**2 + 6*q - 4. Let z be x(-3). Let u = -65 + z. Suppose u*l = -16 + 67. Calculate the remainder when 50 is divided by l.
16
Let p = 102 + -137. What is the remainder when 9 is divided by 56/p*(20/5 + -9)?
1
Let l(t) = -5*t + 63. Let p be l(-5). Suppose 5*h + 3*s - 939 = 0, h - p = s + 95. Calculate the remainder when h is divided by 27.
24
Suppose 2*d + 62 = 2*w + 4*d, -3*d + 151 = 5*w. Let l = -178 + 181. Suppose 4*j = l + w. Calculate the remainder when 44 is divided by j.
4
Let m = -3196 + 3902. Calculate the remainder when m is divided by 78.
4
Let k = 14809 - 13782. Calculate the remainder when k is divided by 143.
26
Let w = 73 + -51. Let y(r) = -r**2 + 6*r + 10. Let h be y(7). Suppose 20 = -4*z, -h*p - 18*z + 15*z = -243. What is the remainder when p is divided by w?
20
Suppose -77*k - 3440 = -38*k - 43*k. Calculate the remainder when k is divided by 58.
48
Let o = 330 + 524. Let r = -498 + o. Calculate the remainder when r is divided by 21.
20
Let h = 1915 + -1243. What is the remainder when h is divided by 193?
93
Let f be (-32)/(-12) + 0 + (-2)/3. Suppose -12*i = -f*i - 380. Suppose -w = 3*g - 123, 3*w = -5*g + i + 339. Calculate the remainder when w is divided by 44.
41
Suppose 4*a - 5*k - 44 = 0, 5*a + 2*k = 3*k + 76. Let l(r) = 12*r - 116. What is the remainder when l(a) is divided by 3?
1
Suppose 94 = 8*o - 310 - 156. What is the remainder when o is divided by 13?
5
Let d(p) = -p**2 + p + 182. Suppose 34*g - 448 - 312 = 22. Calculate the remainder when d(0) is divided by g.
21
Let f = -1056 - -709. Let g = f + 381. What is the remainder when 127 is divided by g?
25
Let x = -57 - -57. Suppose -5*q - m = -59 + 8, -m - 4 = x. What is the remainder when (0 - -1)*(-129)/(-3) is divided by q?
10
Suppose -4*p + 3*i = -817, 0 = 3*p - 2*p - 3*i - 193. Let s = -748 + 790. Calculate the remainder when p is divided by s.
40
Let k(g) = -g**3 + 105*g**2 + 6*g + 266. Calculate the remainder when k(105) is divided by 17.
12
Let p be (-31)/(-6) - (5 + (-174)/36). Suppose 4*b = 4*g - 560, 4*b + 397 = p*g - 303. Calculate the remainder when g is divided by 24.
20
Calculate the remainder when 3473 is divided by 32 + 168/(-7) - (-2 - 10).
13
Suppose -545 = -3*c - 482. Suppose -638 = 10*m - c*m. Let a = 43 - 28. Calculate the remainder when m is divided by a.
13
Let v(a) = a**3 + 13*a**2 + 20*a - 14. Let h be v(-11). Suppose 5*w - 15 - h = -2*m, -4*w - 2*m = -20. Calculate the remainder when 7 is divided by w.
1
Suppose 5*c = -2*q - 206, -3*q - 3*c - 318 = -0*c. Let a = -109 - q. Calculate the remainder when 34 is divided by (a/2 + -1)*(-100)/30.
4
Suppose -u = -5*x + 2*u + 470, 0 = 3*x + 3*u - 282. Let l = x - 72. What is the remainder when 65 is divided by l?
21
Let y be 15*(-6)/9 - (-5 + 2). Let t = y - -17. Calculate the remainder when 4/16*4*t is divided by 6.
4
Suppose 5*o = 4*g - 1333, g - 414 + 79 = 3*o. Let k = g + -289. What is the remainder when 166 is divided by k?
37
Suppose 4*r - 240 = -2*z, 306 = 5*r - 7*z + 11*z. Let q = -1 + 16. Calculate the remainder when r is divided by q.
13
Let s = 28171 - 27979. What is the remainder when s is divided by 63?
3
Suppose -3*f = a - 18, 2*f + 5*a - 2*a = 12. Calculate the remainder when 187 is divided by 4/(12/(-63))*(-6)/f.
19
Let p(k) = -k**3 - 95*k**2 - 95*k + 78. Suppose h - 33 = 2*w, 2*h - 88 + 23 = 5*w. Calculate the remainder when p(-94) is divided by h.
32
Suppose -3*b - m + 343 = -6*m, -4*b + 5*m + 459 = 0. What is the remainder when b is divided by 28?
4
Let f(y) = 106*y + 205. Let u be f(9). Let a = u + -995. Calculate the remainder when a is divided by 24.
20
Suppose 20 = -3*z - 4*s, 5*z = -4*s - 12 - 8. Let d(g) = -43*g + 37*g + z*g**2 + g**2 + 5. Calculate the remainder when d(7) is divided by 5.
2
Suppose 6 = 3*a - 0*a. Suppose 0 = -94*s - 121 + 403. Calculate the remainder when s is divid